{"id":894,"date":"2011-12-04T21:59:52","date_gmt":"2011-12-04T21:59:52","guid":{"rendered":"http:\/\/www.goethepanzer.de\/?page_id=894"},"modified":"2012-01-20T09:34:55","modified_gmt":"2012-01-20T09:34:55","slug":"kroatien","status":"publish","type":"page","link":"http:\/\/www.1yearoff.karstenmontag.de\/?page_id=894","title":{"rendered":"Kroatien"},"content":{"rendered":"<p><strong>Sibenik, Kroatien<\/strong><br \/>\nEhemaliger Campingplatz auf der Halbinsel Martinska<\/p>\n<p><a href=\"http:\/\/www.1yearoff.goethepanzer.de\/wp-content\/uploads\/2011\/11\/sundown.jpg\"><img loading=\"lazy\" decoding=\"async\" class=\"alignnone size-thumbnail wp-image-798\" title=\"sundown\" src=\"http:\/\/www.1yearoff.goethepanzer.de\/wp-content\/uploads\/2011\/11\/sundown-150x150.jpg\" alt=\"\" width=\"150\" height=\"150\" \/><\/a>\u00a0 <a href=\"http:\/\/www.1yearoff.goethepanzer.de\/wp-content\/uploads\/2011\/11\/freecampingsibenik.jpg\"><img loading=\"lazy\" decoding=\"async\" class=\"alignnone size-thumbnail wp-image-791\" title=\"freecampingsibenik\" src=\"http:\/\/www.1yearoff.goethepanzer.de\/wp-content\/uploads\/2011\/11\/freecampingsibenik-150x150.jpg\" alt=\"\" width=\"150\" height=\"150\" \/><\/a>\u00a0 <a href=\"http:\/\/www.1yearoff.goethepanzer.de\/wp-content\/uploads\/2011\/11\/freesibenik03.jpg\"><img loading=\"lazy\" decoding=\"async\" class=\"alignnone size-thumbnail wp-image-788\" title=\"freesibenik03\" src=\"http:\/\/www.1yearoff.goethepanzer.de\/wp-content\/uploads\/2011\/11\/freesibenik03-150x150.jpg\" alt=\"\" width=\"150\" height=\"150\" \/><\/a><\/p>\n<p>Geodaten: <a href=\"http:\/\/maps.google.de\/maps?q=43.729282,15.877292\" target=\"_blank\">43.729282,15.877292<\/a><strong><br \/>\n<\/strong>Vorz\u00fcge: Sackgasse, mehrere Zug\u00e4nge zum Meer, M\u00f6glichkeiten f\u00fcr Lagerfeuer und Totholz, M\u00f6glichkeiten zum Campen, relativ sauber, Schattenpl\u00e4tze<br \/>\nNachteile: Auf dem Platz wird einmal im Jahr im Sommer ein Punkfestival ausgerichtet. Dementsprechend alternativ sind auch die ehemaligen Campingplatzeinrichtungen gestaltet. Die letzten Meter Zufahrt bestehen aus einem ausgewaschenen Schotterweg, der z.T. bereits ein wenig zugewachsen ist. Kratzer muss man am Wagen abk\u00f6nnen.<br \/>\nAnfahrtsbeschreibung: Von Zadar \u00fcber die Landstra\u00dfe 8 kommend ca. 1,5 km vor der gro\u00dfen Meerbr\u00fccke nach Sibenik rechts nach Martinska abbiegen. Dann ca. 4 km geradeaus bis zu einer Weggabelung. Dort nicht rechts abbiegen, sondern weiter geradeaus fahren. In einer engen Linkskurve mit Blick auf das Meer und das gegen\u00fcberliegende Sibenik rechts auf einen Schotterweg abbiegen und bis zum Ende durchfahren.<br \/>\nSonstiges: Freier Wi-Fi-Zugang f\u00fcr 90 Minuten am Tag in der N\u00e4he (auf dem Weg zu dem Platz nicht rechts in den Schotterweg einbiegen, sondern der asphaltierten Stra\u00dfe ca. 300 m bis zu einem ehemaligen Dock folgen)<br \/>\nStand: 01.12.2011<\/p>\n<p><strong>Dubrovnik, Kroatien<\/strong><br \/>\nSchotterparkplatz in einem Neubaugebiet auf der Halbinsel vor Dubrovnik<\/p>\n<p><a href=\"http:\/\/www.1yearoff.goethepanzer.de\/wp-content\/uploads\/2011\/12\/dubstell01.jpg\"><img loading=\"lazy\" decoding=\"async\" class=\"alignnone size-thumbnail wp-image-903\" title=\"Dubrovnik Stellplatz\" src=\"http:\/\/www.1yearoff.goethepanzer.de\/wp-content\/uploads\/2011\/12\/dubstell01-150x150.jpg\" alt=\"\" width=\"150\" height=\"150\" \/><\/a>\u00a0 <a href=\"http:\/\/www.1yearoff.goethepanzer.de\/wp-content\/uploads\/2011\/12\/dubstell02.jpg\"><img loading=\"lazy\" decoding=\"async\" class=\"alignnone size-thumbnail wp-image-904\" title=\"Dubrovnik Stellplatz\" src=\"http:\/\/www.1yearoff.goethepanzer.de\/wp-content\/uploads\/2011\/12\/dubstell02-150x150.jpg\" alt=\"\" width=\"150\" height=\"150\" \/><\/a><\/p>\n<p>Geodaten: <a href=\"http:\/\/maps.google.de\/maps?q=42.658833,18.070829\" target=\"_blank\">42.658833,18.070829<\/a><br \/>\nVorz\u00fcge: Neue Innenstadt ist in ca. 5 min zu Fu\u00df erreichbar. Die Altstadt ist ca. 40 min Fu\u00dfweg entfernt. Guter Ausblick auf die Stadt. Gut ausgebaute Zufahrt.<br \/>\nNachteile: Reiner Stehplatz (keine M\u00f6glichkeiten f\u00fcr Lagerfeuer oder l\u00e4ngeres Aufhalten au\u00dferhalb des Wagens), keine Schattenpl\u00e4tze<br \/>\nAnfahrtsbeschreibung: Von der Landstra\u00dfe 8 nach Dubrovnik-Center abbiegen, dann Richtung Hafen und Lapad. Hinter dem Hafen auf einer ansteigenden Stra\u00dfe rechts abbiegen (Ulica Iva Dulcica). Nach ca. 1 km links auf eine frisch asphaltierte Stra\u00dfe abbiegen, die steil (10%) und kurvig bergauf geht. Auf dem Gipfel links auf den Parkplatz.<br \/>\nSonstiges: kostenpflichtige Wi-Fi-Zug\u00e4nge (10-15 Euro pro Tag)<br \/>\nStand: 03.12.2011<\/p>\n","protected":false},"excerpt":{"rendered":"<p>Sibenik, Kroatien Ehemaliger Campingplatz auf der Halbinsel Martinska \u00a0 \u00a0 Geodaten: 43.729282,15.877292 Vorz\u00fcge: Sackgasse, mehrere Zug\u00e4nge zum Meer, M\u00f6glichkeiten f\u00fcr Lagerfeuer und Totholz, M\u00f6glichkeiten zum Campen, relativ sauber, Schattenpl\u00e4tze Nachteile: Auf dem Platz wird einmal im Jahr im Sommer ein &hellip; <a href=\"http:\/\/www.1yearoff.karstenmontag.de\/?page_id=894\">Weiterlesen <span class=\"meta-nav\">&rarr;<\/span><\/a><\/p>\n","protected":false},"author":1,"featured_media":0,"parent":0,"menu_order":0,"comment_status":"open","ping_status":"open","template":"","meta":{"footnotes":""},"class_list":["post-894","page","type-page","status-publish","hentry"],"_links":{"self":[{"href":"http:\/\/www.1yearoff.karstenmontag.de\/index.php?rest_route=\/wp\/v2\/pages\/894","targetHints":{"allow":["GET"]}}],"collection":[{"href":"http:\/\/www.1yearoff.karstenmontag.de\/index.php?rest_route=\/wp\/v2\/pages"}],"about":[{"href":"http:\/\/www.1yearoff.karstenmontag.de\/index.php?rest_route=\/wp\/v2\/types\/page"}],"author":[{"embeddable":true,"href":"http:\/\/www.1yearoff.karstenmontag.de\/index.php?rest_route=\/wp\/v2\/users\/1"}],"replies":[{"embeddable":true,"href":"http:\/\/www.1yearoff.karstenmontag.de\/index.php?rest_route=%2Fwp%2Fv2%2Fcomments&post=894"}],"version-history":[{"count":9,"href":"http:\/\/www.1yearoff.karstenmontag.de\/index.php?rest_route=\/wp\/v2\/pages\/894\/revisions"}],"predecessor-version":[{"id":901,"href":"http:\/\/www.1yearoff.karstenmontag.de\/index.php?rest_route=\/wp\/v2\/pages\/894\/revisions\/901"}],"wp:attachment":[{"href":"http:\/\/www.1yearoff.karstenmontag.de\/index.php?rest_route=%2Fwp%2Fv2%2Fmedia&parent=894"}],"curies":[{"name":"wp","href":"https:\/\/api.w.org\/{rel}","templated":true}]}}