{"id":2475,"date":"2012-06-09T15:33:36","date_gmt":"2012-06-09T15:33:36","guid":{"rendered":"http:\/\/www.goethepanzer.de\/?page_id=2475"},"modified":"2012-06-19T12:39:30","modified_gmt":"2012-06-19T12:39:30","slug":"ausrustung","status":"publish","type":"page","link":"http:\/\/www.1yearoff.karstenmontag.de\/?page_id=2475","title":{"rendered":"Ausr\u00fcstung"},"content":{"rendered":"<p>Nachfolgend eine unvollendete Liste von Dingen, die wir w\u00e4hrend der Reise als n\u00fctzlich und teilweise unverzichtbar gefunden haben.<\/p>\n<p>Auto:<\/p>\n<ul>\n<li>Auffahrrampen: f\u00fcr H\u00f6henausgleich beim Parken auf schiefen Ebenen und brauchbar, wenn man unter dem Wagen arbeiten muss<\/li>\n<li>Thermomatten f\u00fcr Fenster: Sichtschutz und Isolierung; bringt im Winter zwei bis drei Grad W\u00e4rme, im Sommer im F\u00fchrerhaus sogar zehn Grad und mehr K\u00fchle<\/li>\n<li>Moskitonetze f\u00fcr Fenster: irre praktisch zur Abwehr von flatternden Viechern aller Art; Befestigung mittels Klettband, Magnetstreifen oder Druckkn\u00f6pfen<\/li>\n<li>Feuerl\u00f6scher: f\u00fcr den Notfall<\/li>\n<li>Spaten: zum Verbuddeln der Schei\u00dfe und zum Freischaufeln, wenn man sich festgefahren hat<\/li>\n<li>Sandbleche: zum Freifahren auf sandigem Untergrund<\/li>\n<li>Seilwinde: Festgefahren und Baum in der N\u00e4he oder \u00e4hnliches<\/li>\n<li>Abschleppseil: als Verl\u00e4ngerung der Seilwinde und nat\u00fcrlich zum Abschleppen<\/li>\n<li>Spanngummis: zum Befestigen von allerlei Dingen<\/li>\n<li>Starterkabel: wenn auch die Starterbatterie leer sein sollte und man fremde Hilfe ben\u00f6tigt<\/li>\n<li>Schneeketten: f\u00fcr Matsch und Schnee<\/li>\n<li>12-V-Kompressor: f\u00fcr den Reifenluftdruck (zum Fahren auf Sand Luftdruck aus den Reifen lassen und danach wieder bef\u00fcllen)<\/li>\n<li>Verl\u00e4ngerungskabel f\u00fcr Zigarettenanz\u00fcnder: braucht man f\u00fcr den Kompressor<\/li>\n<li>Topbox: 400 Liter zus\u00e4tzlicher Stauraum f\u00fcr Kletterausr\u00fcstung, Werkzeug, St\u00fchle, Zelte, Schuhe, Schnorchel etc.<\/li>\n<\/ul>\n<p>Wohnen:<\/p>\n<ul>\n<li>St\u00fchle und Hocker: zum Sitzen im Freien f\u00fcr sich selbst und f\u00fcr G\u00e4ste<\/li>\n<li>Tisch: am besten h\u00f6henverstellbar<\/li>\n<li>Klo und Klob\u00fcrste: Must-have; ohne Klo kackt man immer im Freien, was in St\u00e4dten oder auf freien Fl\u00e4chen zu unw\u00fcrdigen Szenen f\u00fchren kann<\/li>\n<li>Abfalleimer: eh klar<\/li>\n<li>Zeltstangen, Plane und Abspannseile: Markisenersatz zum Befestigen am Wagen \u2013 superpraktisch, um bei Regen drau\u00dfen zu sitzen; selbst Feuer ist darunter m\u00f6glich; verl\u00e4ngert so manchen d\u00fcsteren Winterabend<\/li>\n<li>Handfeger: zum Kehren im Bus<\/li>\n<li>Geschirr: Dosen\u00f6ffner und Korkenzieher nicht vergessen<\/li>\n<li>Gaslampe und Kartuschen: Licht f\u00fcr drau\u00dfen und drinnen (wenn Batterieladezustand schwach ist); w\u00e4rmt im Winter drinnen sogar ein wenig<\/li>\n<li>Kopflichter: f\u00fcr drau\u00dfen und drinnen<\/li>\n<li>K\u00fchlschrank, Kochstelle, Standheizung, Warmwasserboiler: alles auf Gas f\u00fcr langes unabh\u00e4ngiges Stehen im Freien; K\u00fchlschrank geht in Kombination mit ausreichenden Solarpanels auch auf Strom, da er wenig verbraucht<\/li>\n<\/ul>\n<p>Strom:<\/p>\n<ul>\n<li>Zwei Zusatzbatterien mit 90 Ah: genug Energie f\u00fcr l\u00e4ngere Stehzeiten<\/li>\n<li>Solarpanel mit Laderegler (mind. 100 Watt): macht einen Zusatzgenerator fast \u00fcberfl\u00fcssig<\/li>\n<li>Spannungswandler 12 auf 220 Volt (mind. 300 Watt sowie Sinuskurve zum Laden von elektronischen Ger\u00e4ten): zum Laden von Laptops, Mobiltelefonen etc.<\/li>\n<li>Verl\u00e4ngerungskabel (mind. 25 m): zum Betanken der Batterien<\/li>\n<li>Batterieladeger\u00e4t: dito<\/li>\n<\/ul>\n<p>Gas:<\/p>\n<ul>\n<li>Zwei Gasflaschen: zum Wechseln, wenn eine leer ist (5 kg = 12 Liter, reicht f\u00fcr ca. 2-3 Wochen zum Kochen und f\u00fcr den K\u00fchlschrank, reicht f\u00fcr ca. 1 Woche, wenn zus\u00e4tzlich abends geheizt wird)<\/li>\n<li>Adapter von Autogasanschluss (Dish f\u00fcr Balkan, T\u00fcrkei, Frankreich) auf Gasflasche: superpraktisch zum Betanken der deutschen Gasflaschen mit Autogas (billig und fast \u00fcberall erh\u00e4ltlich), 5 kg = 12 Liter, 11 kg = 27 Liter<\/li>\n<\/ul>\n<p>Wasser:<\/p>\n<ul>\n<li>Frischwasser- und Abwassertank: jeweils 50 Liter reichen bei sparsamem Gebrauch und zwei Personen bis zu einer Woche<\/li>\n<li>Solardusche: zum Duschen im Freien<\/li>\n<li>Dusche: eine Ganzk\u00f6rperreinigung mit warmem Wasser ist ein echter Luxus, aber eigentlich \u00fcberfl\u00fcssig; wir haben uns haupts\u00e4chlich entweder am Waschbecken oder im Meer in Kombination mit der Solardusche gewaschen<\/li>\n<li>Schlauch mit Wasserhahnanschluss: zum Betanken des Wassertanks<\/li>\n<li>Abwasserschlauch: zum Umleiten des Abwassers (auch praktisch, wenn Abwasserhahn verstopft ist \u2013 einmal mit dem Mund hineinblasen und schon ist er wieder frei)<\/li>\n<li>Wasserkanister (z.B. 10-Liter-Flaschen, die man \u00fcberall im S\u00fcden kaufen kann) mit selbstgebautem Einf\u00fcllstutzen aus Plastikflasche: wenn kein Wasserhahn vorhanden oder Wasserstelle zu weit entfernt ist<\/li>\n<li>W\u00e4scheleine und Klammern: zum Trocknen nasser W\u00e4sche<\/li>\n<li>Wasserdichte Kiste und Waschpulver: zum Kleiderwaschen<\/li>\n<li>P\u00f6mpel: gegen Verstopfungen und zum Kleiderwaschen<\/li>\n<\/ul>\n<p>Feuer:<\/p>\n<ul>\n<li>S\u00e4ge und Axt: zum Zuschneiden von Feuerholz<\/li>\n<li>Grillanz\u00fcnder: zum Starten von Lagerfeuern<\/li>\n<li>Grillrost: am besten zum Halten ans Feuer (Grillen ohne Glut)<\/li>\n<\/ul>\n<p>IT:<\/p>\n<ul>\n<li>Navigationsger\u00e4t: Garmin in Kombination mit Open Source Maps ist genial (routingf\u00e4hige Karten f\u00fcr alle L\u00e4nder der Welt)<\/li>\n<li>Laptops: Netbooks f\u00fcr geringen Strombedarf und lange Akkulaufzeiten<\/li>\n<li>Externe Festplatte: zum Speichern von Fotos etc.<\/li>\n<\/ul>\n<p>Reparaturen<\/p>\n<ul>\n<li>Werkzeugkasten, Ratschenset (klein und gro\u00df), Montagehebel: f\u00fcr l\u00e4stige Reparaturen<\/li>\n<li>Schraubenkiste: f\u00fcr Reparaturen und Erweiterungen<\/li>\n<li>Kabel, Abisolierzange, Kabelschuhe, Kabelbinder, Klemmen, Sicherungen, Ersatzbirnen: f\u00fcr Reparaturen und Erweiterungen<\/li>\n<li>Multimessger\u00e4t: f\u00fcr Fehlersuche und zum Messen des Batterieladezustands<\/li>\n<li>L\u00f6tkolben und L\u00f6tzinn: f\u00fcr Elektroreparaturen und zum Dichten von Rissen im Autok\u00fchler<\/li>\n<li>Zus\u00e4tzlicher hydraulischer Wagenheber: f\u00fcr Reparaturen und zum Befreien aus festgefahrenen Situationen<\/li>\n<li>Blitzpistole: zum Einstellen der Z\u00fcndung (bei Ottomotoren)<\/li>\n<li>Verl\u00e4ngerungsrohr f\u00fcr Ratsche: braucht man immer f\u00fcr festgesetzte Schrauben und Muttern<\/li>\n<li>Schlauchschellen und Schl\u00e4uche: zur Reparatur von Wasser- und Kraftstoffanschl\u00fcssen<\/li>\n<li>Kontaktspray Kontakt 60: f\u00fcr Elektroreparaturen<\/li>\n<li>Dichtungskleber Sikaflex 252: zum Abdichten und Kleben der Regenrinne, Fenster, Schuhe etc.<\/li>\n<li>Antirostfarbe, Pinsel, Terpentin, Schleifpapier: zum Beheben von Roststellen und \u00e4hnliches<\/li>\n<li>Kriech\u00f6l W40: zum L\u00f6sen von festgesetzten Schrauben und zum \u00d6len von quietschen Teilen<\/li>\n<li>Blumendraht und Panzerband: f\u00fcr die improvisierten Reparaturen<\/li>\n<\/ul>\n<p>&nbsp;<\/p>\n","protected":false},"excerpt":{"rendered":"<p>Nachfolgend eine unvollendete Liste von Dingen, die wir w\u00e4hrend der Reise als n\u00fctzlich und teilweise unverzichtbar gefunden haben. Auto: Auffahrrampen: f\u00fcr H\u00f6henausgleich beim Parken auf schiefen Ebenen und brauchbar, wenn man unter dem Wagen arbeiten muss Thermomatten f\u00fcr Fenster: Sichtschutz &hellip; <a href=\"http:\/\/www.1yearoff.karstenmontag.de\/?page_id=2475\">Weiterlesen <span class=\"meta-nav\">&rarr;<\/span><\/a><\/p>\n","protected":false},"author":1,"featured_media":0,"parent":0,"menu_order":0,"comment_status":"open","ping_status":"open","template":"","meta":{"footnotes":""},"class_list":["post-2475","page","type-page","status-publish","hentry"],"_links":{"self":[{"href":"http:\/\/www.1yearoff.karstenmontag.de\/index.php?rest_route=\/wp\/v2\/pages\/2475","targetHints":{"allow":["GET"]}}],"collection":[{"href":"http:\/\/www.1yearoff.karstenmontag.de\/index.php?rest_route=\/wp\/v2\/pages"}],"about":[{"href":"http:\/\/www.1yearoff.karstenmontag.de\/index.php?rest_route=\/wp\/v2\/types\/page"}],"author":[{"embeddable":true,"href":"http:\/\/www.1yearoff.karstenmontag.de\/index.php?rest_route=\/wp\/v2\/users\/1"}],"replies":[{"embeddable":true,"href":"http:\/\/www.1yearoff.karstenmontag.de\/index.php?rest_route=%2Fwp%2Fv2%2Fcomments&post=2475"}],"version-history":[{"count":3,"href":"http:\/\/www.1yearoff.karstenmontag.de\/index.php?rest_route=\/wp\/v2\/pages\/2475\/revisions"}],"predecessor-version":[{"id":2663,"href":"http:\/\/www.1yearoff.karstenmontag.de\/index.php?rest_route=\/wp\/v2\/pages\/2475\/revisions\/2663"}],"wp:attachment":[{"href":"http:\/\/www.1yearoff.karstenmontag.de\/index.php?rest_route=%2Fwp%2Fv2%2Fmedia&parent=2475"}],"curies":[{"name":"wp","href":"https:\/\/api.w.org\/{rel}","templated":true}]}}