{"id":2285,"date":"2012-05-23T20:37:29","date_gmt":"2012-05-23T20:37:29","guid":{"rendered":"http:\/\/www.goethepanzer.de\/?page_id=2285"},"modified":"2012-05-23T20:37:29","modified_gmt":"2012-05-23T20:37:29","slug":"januar-2012","status":"publish","type":"page","link":"http:\/\/www.1yearoff.karstenmontag.de\/?page_id=2285","title":{"rendered":"Januar 2012"},"content":{"rendered":"<p>31.01.2012, 5.080 km (Bustacho: 66.390), Methana, Griechenland (Geodaten: <a href=\"http:\/\/maps.google.de\/maps?q=37.576794,23.389912\" target=\"_blank\">37.576794,23.389912<\/a>):<br \/>\nAusgangspunkt f\u00fcr Wanderungen auf der Halbinsel von Methana.<strong><\/strong><\/p>\n<p>30.01.2012, 5.020 km (Bustacho: 66.330), Ermioni, Griechenland (Geodaten: <a href=\"http:\/\/maps.google.de\/maps?q=37.388027,23.247539\" target=\"_blank\">37.388027,23.247539<\/a>):<br \/>\nUnsere Reisep\u00e4sse mit den Visa f\u00fcr Kasachstan kommen wahrscheinlich erst Mitte Februar an. Wir haben uns entschlossen, die n\u00e4chsten zwei Wochen zu reisen (\u00f6stlicher Peleponnes, Athen, Delphi, Thermophylen).<strong><\/strong><\/p>\n<p>13.01.2012, 4.910 km (Bustacho: 66.220), Karathona bei Nafplio, Griechenland (Geodaten: <a href=\"http:\/\/maps.google.de\/maps?q=37.544339,22.822459\" target=\"_blank\">37.544339,22.822459<\/a>):<br \/>\nNach Karstens R\u00fcckkehr aus Deutschland wieder zum Strand bei Nafplio gefahren, um auf die P\u00e4sse mit den Visa f\u00fcr Kasachstan zu warten, die das Reiseb\u00fcro in Deutschland nach Korinth schicken will.<\/p>\n<p>01.01.2012, 4.440 km (Bustacho: 65.730), Antikes Korinth, Griechenland (Geodaten: <a href=\"http:\/\/maps.google.de\/maps?q=37.911506,22.878608\" target=\"_blank\">37.911506,22.878608<\/a>):<br \/>\nCamperstop f\u00fcr 10 Euro pro Nacht f\u00fcr die n\u00e4chsten 10 Tage ausgesucht.<\/p>\n","protected":false},"excerpt":{"rendered":"<p>31.01.2012, 5.080 km (Bustacho: 66.390), Methana, Griechenland (Geodaten: 37.576794,23.389912): Ausgangspunkt f\u00fcr Wanderungen auf der Halbinsel von Methana. 30.01.2012, 5.020 km (Bustacho: 66.330), Ermioni, Griechenland (Geodaten: 37.388027,23.247539): Unsere Reisep\u00e4sse mit den Visa f\u00fcr Kasachstan kommen wahrscheinlich erst Mitte Februar an. Wir &hellip; <a href=\"http:\/\/www.1yearoff.karstenmontag.de\/?page_id=2285\">Weiterlesen <span class=\"meta-nav\">&rarr;<\/span><\/a><\/p>\n","protected":false},"author":1,"featured_media":0,"parent":0,"menu_order":0,"comment_status":"open","ping_status":"open","template":"","meta":{"footnotes":""},"class_list":["post-2285","page","type-page","status-publish","hentry"],"_links":{"self":[{"href":"http:\/\/www.1yearoff.karstenmontag.de\/index.php?rest_route=\/wp\/v2\/pages\/2285","targetHints":{"allow":["GET"]}}],"collection":[{"href":"http:\/\/www.1yearoff.karstenmontag.de\/index.php?rest_route=\/wp\/v2\/pages"}],"about":[{"href":"http:\/\/www.1yearoff.karstenmontag.de\/index.php?rest_route=\/wp\/v2\/types\/page"}],"author":[{"embeddable":true,"href":"http:\/\/www.1yearoff.karstenmontag.de\/index.php?rest_route=\/wp\/v2\/users\/1"}],"replies":[{"embeddable":true,"href":"http:\/\/www.1yearoff.karstenmontag.de\/index.php?rest_route=%2Fwp%2Fv2%2Fcomments&post=2285"}],"version-history":[{"count":2,"href":"http:\/\/www.1yearoff.karstenmontag.de\/index.php?rest_route=\/wp\/v2\/pages\/2285\/revisions"}],"predecessor-version":[{"id":2288,"href":"http:\/\/www.1yearoff.karstenmontag.de\/index.php?rest_route=\/wp\/v2\/pages\/2285\/revisions\/2288"}],"wp:attachment":[{"href":"http:\/\/www.1yearoff.karstenmontag.de\/index.php?rest_route=%2Fwp%2Fv2%2Fmedia&parent=2285"}],"curies":[{"name":"wp","href":"https:\/\/api.w.org\/{rel}","templated":true}]}}