{"id":1688,"date":"2012-02-22T23:47:15","date_gmt":"2012-02-22T23:47:15","guid":{"rendered":"http:\/\/www.goethepanzer.de\/?page_id=1688"},"modified":"2012-02-23T05:17:33","modified_gmt":"2012-02-23T05:17:33","slug":"delphi","status":"publish","type":"page","link":"http:\/\/www.1yearoff.karstenmontag.de\/?page_id=1688","title":{"rendered":"Delphi"},"content":{"rendered":"<p>\u00dcber Delphi findet man eigentlich alles <a href=\"http:\/\/de.wikipedia.org\/wiki\/Delphi\" target=\"_blank\">hier<\/a>, <a href=\"http:\/\/de.wikipedia.org\/wiki\/Orakel_von_Delphi\" target=\"_blank\">hier<\/a> und <a href=\"http:\/\/www.meinebibliothek.de\/Texte5\/html\/delphi.html\" target=\"_blank\">hier<\/a>.<\/p>\n<p>Vielleicht m\u00fcsste man noch kritisch hinzuf\u00fcgen, dass es eher unwahrscheinlich ist, dass ausgerechnet die Menschen, die die Demokratie eingef\u00fchrt haben, die Geschicke ihrer Politik zum Teil einer bekifften Priesterin \u00fcberlassen haben. Es scheint doch eher so, als h\u00e4tten die griechischen Eliten neben der Demokratie auch gleichzeitig die Beeinflussung des Volkes mit oberfl\u00e4chlicher Folklore erfunden. Was heute das Fernsehen erledigt, wurde fr\u00fcher eben noch in Handarbeit von der Religion und dem Theater umgesetzt.<\/p>\n<p>Zu unseren Eindr\u00fccken: Das Orakel von Delphi bestand haupts\u00e4chlich aus dem Apollon-Tempel (gro\u00dfes Geb\u00e4ude im oberen Bereich), einem Theater (oben links), einigen Beratungsgeb\u00e4uden (in der Mitte und oben rechts), den Schatzh\u00e4usern der griechischen Stadtstaaten (im unteren Bereich) und einigen verteilt liegenden Tempeln und Statuen:<\/p>\n<p><a href=\"http:\/\/www.1yearoff.goethepanzer.de\/wp-content\/uploads\/2012\/02\/k-DSC_0901.jpg\"><img loading=\"lazy\" decoding=\"async\" class=\"aligncenter size-full wp-image-1691\" title=\"k-DSC_0901\" src=\"http:\/\/www.1yearoff.goethepanzer.de\/wp-content\/uploads\/2012\/02\/k-DSC_0901.jpg\" alt=\"\" width=\"500\" height=\"333\" srcset=\"http:\/\/www.1yearoff.karstenmontag.de\/wp-content\/uploads\/2012\/02\/k-DSC_0901.jpg 500w, http:\/\/www.1yearoff.karstenmontag.de\/wp-content\/uploads\/2012\/02\/k-DSC_0901-300x199.jpg 300w\" sizes=\"auto, (max-width: 500px) 100vw, 500px\" \/><\/a>Das einzige stehende Geb\u00e4ude ist ein Tempel der Athene, der Anfang des 20. Jahrhunderts wieder aufgebaut wurde. Beeindruckend sind die Kritzeleien an den W\u00e4nden des Apollon-Tempels, die \u00fcber die gesamte Fl\u00e4che verteilt sind. Laut Beschreibung handeln sie z.T. von Sklavenfreilassungen. Z.T. sind es auch Liedtexte mit Hinweisen auf die jeweiligen Melodien. Vom eigentlichen Apollon-Tempel stehen nur noch sechs S\u00e4ulen.<\/p>\n<p><a href=\"http:\/\/www.1yearoff.goethepanzer.de\/wp-content\/uploads\/2012\/02\/k-DSC_0910.jpg\"><img loading=\"lazy\" decoding=\"async\" class=\"alignnone size-thumbnail wp-image-1693\" title=\"k-DSC_0910\" src=\"http:\/\/www.1yearoff.goethepanzer.de\/wp-content\/uploads\/2012\/02\/k-DSC_0910-150x150.jpg\" alt=\"\" width=\"150\" height=\"150\" \/><\/a>\u00a0 <a href=\"http:\/\/www.1yearoff.goethepanzer.de\/wp-content\/uploads\/2012\/02\/k-DSC_0921.jpg\"><img loading=\"lazy\" decoding=\"async\" class=\"alignnone size-thumbnail wp-image-1696\" title=\"k-DSC_0921\" src=\"http:\/\/www.1yearoff.goethepanzer.de\/wp-content\/uploads\/2012\/02\/k-DSC_0921-150x150.jpg\" alt=\"\" width=\"150\" height=\"150\" \/><\/a>\u00a0 <a href=\"http:\/\/www.1yearoff.goethepanzer.de\/wp-content\/uploads\/2012\/02\/k-DSC_0919.jpg\"><img loading=\"lazy\" decoding=\"async\" class=\"alignnone size-thumbnail wp-image-1695\" title=\"k-DSC_0919\" src=\"http:\/\/www.1yearoff.goethepanzer.de\/wp-content\/uploads\/2012\/02\/k-DSC_0919-150x150.jpg\" alt=\"\" width=\"150\" height=\"150\" \/><\/a>\u00a0 <a href=\"http:\/\/www.1yearoff.goethepanzer.de\/wp-content\/uploads\/2012\/02\/k-DSC_0925.jpg\"><img loading=\"lazy\" decoding=\"async\" class=\"alignnone size-thumbnail wp-image-1697\" title=\"k-DSC_0925\" src=\"http:\/\/www.1yearoff.goethepanzer.de\/wp-content\/uploads\/2012\/02\/k-DSC_0925-150x150.jpg\" alt=\"\" width=\"150\" height=\"150\" \/><\/a><\/p>\n<p>Das Museum mit den ausgegrabenen Besonderheiten bietet Artefakte wie Figuren aus der Odyssee (Odysseus, wie er sich unter ein Schaf hat festbinden lassen, um den Zyklopen zu \u00fcberlisten), den Wagenlenker (eine der besterhaltensten Bronzen aus der Antike) und nat\u00fcrlich wieder abgeschlagene Gliedma\u00dfen.<\/p>\n<p><a href=\"http:\/\/www.1yearoff.goethepanzer.de\/wp-content\/uploads\/2012\/02\/k-DSC_0892.jpg\"><img loading=\"lazy\" decoding=\"async\" class=\"alignnone size-thumbnail wp-image-1705\" title=\"k-DSC_0892\" src=\"http:\/\/www.1yearoff.goethepanzer.de\/wp-content\/uploads\/2012\/02\/k-DSC_0892-150x150.jpg\" alt=\"\" width=\"150\" height=\"150\" \/><\/a>\u00a0 <a href=\"http:\/\/www.1yearoff.goethepanzer.de\/wp-content\/uploads\/2012\/02\/k-DSC_0900.jpg\"><img loading=\"lazy\" decoding=\"async\" class=\"alignnone size-thumbnail wp-image-1690\" title=\"k-DSC_0900\" src=\"http:\/\/www.1yearoff.goethepanzer.de\/wp-content\/uploads\/2012\/02\/k-DSC_0900-150x150.jpg\" alt=\"\" width=\"150\" height=\"150\" \/><\/a>\u00a0 <a href=\"http:\/\/www.1yearoff.goethepanzer.de\/wp-content\/uploads\/2012\/02\/k-DSC_0899.jpg\"><img loading=\"lazy\" decoding=\"async\" class=\"alignnone size-thumbnail wp-image-1689\" title=\"k-DSC_0899\" src=\"http:\/\/www.1yearoff.goethepanzer.de\/wp-content\/uploads\/2012\/02\/k-DSC_0899-150x150.jpg\" alt=\"\" width=\"150\" height=\"150\" \/><\/a><\/p>\n<p>Eine der Erkl\u00e4rungen, warum den meisten m\u00e4nnlichen Skulpturen das Glied fehlt, lautet wie folgt: So genannte christliche Bilderst\u00fcrmer haben sie abgeschlagen, weil diese Form der Darstellung unziemlich ist.<\/p>\n","protected":false},"excerpt":{"rendered":"<p>\u00dcber Delphi findet man eigentlich alles hier, hier und hier. Vielleicht m\u00fcsste man noch kritisch hinzuf\u00fcgen, dass es eher unwahrscheinlich ist, dass ausgerechnet die Menschen, die die Demokratie eingef\u00fchrt haben, die Geschicke ihrer Politik zum Teil einer bekifften Priesterin \u00fcberlassen &hellip; <a href=\"http:\/\/www.1yearoff.karstenmontag.de\/?page_id=1688\">Weiterlesen <span class=\"meta-nav\">&rarr;<\/span><\/a><\/p>\n","protected":false},"author":1,"featured_media":0,"parent":0,"menu_order":0,"comment_status":"open","ping_status":"open","template":"","meta":{"footnotes":""},"class_list":["post-1688","page","type-page","status-publish","hentry"],"_links":{"self":[{"href":"http:\/\/www.1yearoff.karstenmontag.de\/index.php?rest_route=\/wp\/v2\/pages\/1688","targetHints":{"allow":["GET"]}}],"collection":[{"href":"http:\/\/www.1yearoff.karstenmontag.de\/index.php?rest_route=\/wp\/v2\/pages"}],"about":[{"href":"http:\/\/www.1yearoff.karstenmontag.de\/index.php?rest_route=\/wp\/v2\/types\/page"}],"author":[{"embeddable":true,"href":"http:\/\/www.1yearoff.karstenmontag.de\/index.php?rest_route=\/wp\/v2\/users\/1"}],"replies":[{"embeddable":true,"href":"http:\/\/www.1yearoff.karstenmontag.de\/index.php?rest_route=%2Fwp%2Fv2%2Fcomments&post=1688"}],"version-history":[{"count":10,"href":"http:\/\/www.1yearoff.karstenmontag.de\/index.php?rest_route=\/wp\/v2\/pages\/1688\/revisions"}],"predecessor-version":[{"id":1710,"href":"http:\/\/www.1yearoff.karstenmontag.de\/index.php?rest_route=\/wp\/v2\/pages\/1688\/revisions\/1710"}],"wp:attachment":[{"href":"http:\/\/www.1yearoff.karstenmontag.de\/index.php?rest_route=%2Fwp%2Fv2%2Fmedia&parent=1688"}],"curies":[{"name":"wp","href":"https:\/\/api.w.org\/{rel}","templated":true}]}}