{"id":134,"date":"2011-08-26T19:15:28","date_gmt":"2011-08-26T19:15:28","guid":{"rendered":"http:\/\/www.goethepanzer.de\/?page_id=134"},"modified":"2012-03-01T12:20:16","modified_gmt":"2012-03-01T12:20:16","slug":"die-fahrzeuge","status":"publish","type":"page","link":"http:\/\/www.1yearoff.karstenmontag.de\/?page_id=134","title":{"rendered":"Bus + Moped"},"content":{"rendered":"<p><strong>VW LT 28<\/strong><\/p>\n<p><a href=\"http:\/\/www.1yearoff.goethepanzer.de\/wp-content\/uploads\/2011\/08\/VW_LT28.jpg\"><img loading=\"lazy\" decoding=\"async\" class=\"aligncenter size-full wp-image-138\" title=\"VW_LT28\" src=\"http:\/\/www.1yearoff.goethepanzer.de\/wp-content\/uploads\/2011\/08\/VW_LT28.jpg\" alt=\"\" width=\"500\" height=\"383\" srcset=\"http:\/\/www.1yearoff.karstenmontag.de\/wp-content\/uploads\/2011\/08\/VW_LT28.jpg 500w, http:\/\/www.1yearoff.karstenmontag.de\/wp-content\/uploads\/2011\/08\/VW_LT28-300x229.jpg 300w\" sizes=\"auto, (max-width: 500px) 100vw, 500px\" \/><\/a><a href=\"http:\/\/www.1yearoff.goethepanzer.de\/wp-content\/uploads\/2011\/08\/VW_LT28_2.jpg\"><img loading=\"lazy\" decoding=\"async\" class=\"aligncenter size-full wp-image-144\" title=\"VW_LT28_2\" src=\"http:\/\/www.1yearoff.goethepanzer.de\/wp-content\/uploads\/2011\/08\/VW_LT28_2.jpg\" alt=\"\" width=\"500\" height=\"375\" srcset=\"http:\/\/www.1yearoff.karstenmontag.de\/wp-content\/uploads\/2011\/08\/VW_LT28_2.jpg 500w, http:\/\/www.1yearoff.karstenmontag.de\/wp-content\/uploads\/2011\/08\/VW_LT28_2-300x225.jpg 300w\" sizes=\"auto, (max-width: 500px) 100vw, 500px\" \/><\/a><a href=\"http:\/\/www.1yearoff.goethepanzer.de\/wp-content\/uploads\/2011\/08\/Bus_innen_01.jpg\"><img loading=\"lazy\" decoding=\"async\" class=\"aligncenter size-full wp-image-155\" title=\"Bus_innen_01\" src=\"http:\/\/www.1yearoff.goethepanzer.de\/wp-content\/uploads\/2011\/08\/Bus_innen_01.jpg\" alt=\"\" width=\"500\" height=\"333\" srcset=\"http:\/\/www.1yearoff.karstenmontag.de\/wp-content\/uploads\/2011\/08\/Bus_innen_01.jpg 500w, http:\/\/www.1yearoff.karstenmontag.de\/wp-content\/uploads\/2011\/08\/Bus_innen_01-300x199.jpg 300w\" sizes=\"auto, (max-width: 500px) 100vw, 500px\" \/><\/a><a href=\"http:\/\/www.1yearoff.goethepanzer.de\/wp-content\/uploads\/2011\/08\/Bus_innen_02.jpg\"><img loading=\"lazy\" decoding=\"async\" class=\"aligncenter size-full wp-image-158\" title=\"Bus_innen_02\" src=\"http:\/\/www.1yearoff.goethepanzer.de\/wp-content\/uploads\/2011\/08\/Bus_innen_02.jpg\" alt=\"\" width=\"500\" height=\"345\" srcset=\"http:\/\/www.1yearoff.karstenmontag.de\/wp-content\/uploads\/2011\/08\/Bus_innen_02.jpg 500w, http:\/\/www.1yearoff.karstenmontag.de\/wp-content\/uploads\/2011\/08\/Bus_innen_02-300x207.jpg 300w\" sizes=\"auto, (max-width: 500px) 100vw, 500px\" \/><\/a>Daten:<\/p>\n<ul>\n<li>2-Liter-Benzinmotor mit LPG-Autogasanlage<\/li>\n<li>75 PS<\/li>\n<li>Baujahr 1977<\/li>\n<li>Laufleistung unbekannt<\/li>\n<li>Verbrauch: 20 Liter LPG auf 100 km, Benzinverbrauch bisher nicht getraut zu testen<\/li>\n<li>Wohnmobilausbau mit Standheizung,\u00a0Warmwasserboiler, K\u00fchlschrank, Kochstelle (alle Ger\u00e4te werden mit Gas betrieben), Dusche, Toilette, jeweils 50 Liter Frischwasser- und Abwassertank<\/li>\n<\/ul>\n<p>In den letzten drei Jahren, in denen wird den Bus unser eigen nennen, haben wir unz\u00e4hlige Reparaturen, Umbauten und Erweiterungen selbst durchgef\u00fchrt, unter anderem:<\/p>\n<ul>\n<li>Renovierung der kompletten Inneneinrichtung (Wand- und Deckenverkleidung, Vorh\u00e4nge, Armaturen, Duschkabine, Thermomatten, Moskitonetze)<\/li>\n<li>Standheizung, Warmwasserboiler und Druckwasserpumpe ausgetauscht<\/li>\n<li>Spannungswandler f\u00fcr Bordstrom von 12 Volt Gleichstrom auf 220 Volt Wechselstrom eingebaut<\/li>\n<li>Dachreling abgedichtet<\/li>\n<li>Radk\u00e4sten geschwei\u00dft<\/li>\n<li>Kreuzgelenke der Kardanwelle ersetzt (das haben wir in einem Fachbetrieb machen lassen)<\/li>\n<li>Lenkgest\u00e4nge, Spurstangen ausgetauscht<\/li>\n<li>Trag- und F\u00fchrungsgelenke vorne ausgetauscht<\/li>\n<li>Radlager vorne ersetzt<\/li>\n<li>Zwei neue Batterien mit jeweils 96 Ah eingebaut<\/li>\n<li>Z\u00fcndung komplett \u00fcberholt<\/li>\n<li>Vergaserdichtungen erneuert<\/li>\n<li>Gaszug repariert<\/li>\n<li>Anlasser und Lichtmaschine teilweise \u00fcberholt<\/li>\n<li>Auspuff erneuert<\/li>\n<li>Kabel, Benzin- und Wasserschl\u00e4uche teilweise erneuert<\/li>\n<\/ul>\n<p>Im Zuge dieser Arbeiten haben wir nicht nur daf\u00fcr gesorgt, dass defekte oder schadensanf\u00e4llige Teile ersetzt wurden, sondern wir haben uns auch das Wissen und die Werkzeuge angeeignet, um die Kiste am Laufen zu halten.<\/p>\n<p>Auf unseren Reisen, die uns bei Minusgraden an die Atlantikk\u00fcste oder \u00fcber 2500 Meter hohe P\u00e4sse in den Alpen gef\u00fchrt haben, haben wir bisher ingesamt 20.000 km zur\u00fcckgelegt. Liegengeblieben sind wir dabei wegen eines gerissenen Gaszugs und einer durchgeschmorten Listerklemme. Beide Male konnten wir die Sch\u00e4den unterwegs selbst beheben.<\/p>\n<p><strong>BMW F 650 ST<br \/>\n<\/strong><\/p>\n<p><a href=\"http:\/\/www.1yearoff.goethepanzer.de\/wp-content\/uploads\/2011\/08\/moped01.jpg\"><img loading=\"lazy\" decoding=\"async\" class=\"aligncenter size-full wp-image-603\" title=\"moped01\" src=\"http:\/\/www.1yearoff.goethepanzer.de\/wp-content\/uploads\/2011\/08\/moped01.jpg\" alt=\"\" width=\"500\" height=\"333\" srcset=\"http:\/\/www.1yearoff.karstenmontag.de\/wp-content\/uploads\/2011\/08\/moped01.jpg 500w, http:\/\/www.1yearoff.karstenmontag.de\/wp-content\/uploads\/2011\/08\/moped01-300x199.jpg 300w\" sizes=\"auto, (max-width: 500px) 100vw, 500px\" \/><\/a><a href=\"http:\/\/www.1yearoff.goethepanzer.de\/wp-content\/uploads\/2011\/08\/moped02.jpg\"><img loading=\"lazy\" decoding=\"async\" class=\"aligncenter size-full wp-image-604\" title=\"moped02\" src=\"http:\/\/www.1yearoff.goethepanzer.de\/wp-content\/uploads\/2011\/08\/moped02.jpg\" alt=\"\" width=\"500\" height=\"333\" srcset=\"http:\/\/www.1yearoff.karstenmontag.de\/wp-content\/uploads\/2011\/08\/moped02.jpg 500w, http:\/\/www.1yearoff.karstenmontag.de\/wp-content\/uploads\/2011\/08\/moped02-300x199.jpg 300w\" sizes=\"auto, (max-width: 500px) 100vw, 500px\" \/><\/a>Daten:<\/p>\n<ul>\n<li>650 Kubikzentimeter Hubraum aus einem Zylinder<\/li>\n<li>48 PS<\/li>\n<li>188 kg<\/li>\n<li>Baujahr 1997<\/li>\n<li>Ca. 30.000 km<\/li>\n<li>Koffer, Topcase<\/li>\n<li>Gr\u00f6\u00dferes Vorderrad von der F 650 Funduro, um Gel\u00e4ndereifen aufzuziehen<\/li>\n<\/ul>\n<p><a href=\"http:\/\/www.1yearoff.goethepanzer.de\/wp-content\/uploads\/2011\/08\/busmoped.jpg\"><img loading=\"lazy\" decoding=\"async\" class=\"alignleft size-thumbnail wp-image-608\" title=\"busmoped\" src=\"http:\/\/www.1yearoff.goethepanzer.de\/wp-content\/uploads\/2011\/08\/busmoped-150x150.jpg\" alt=\"\" width=\"150\" height=\"150\" \/><\/a>Gut, dass wir das Motorrad haben. Wir m\u00fcssen es zwar mitsamt den Ersatzreifen auf einem H\u00e4nger hinter uns herziehen, daf\u00fcr macht es uns vor Ort extrem flexibel und kann in Notsituationen auch ganze Urlaubswochen retten, wie in Slowenien geschehen. Kenner werden sagen: &#8222;Das ist ja gar keine richtige BWM.&#8220; Das stimmt. Entwickelt wurde sie von BMW, Aprilla und Rotax. Gebaut wurde sie in Italien bei Aprilla mit einem Motor des \u00f6sterreichischen Motorenbauers Rotax. F\u00fcr dieses Konglomerat an Herstellern ist sie jedoch \u00e4u\u00dferst robust geraten. Nur an kalten, feuchten Tagen springt sie ungern an. Gut, wenn man dann jemanden mit \u00dcberbr\u00fcckungskabel und Autobatterie findet. Denn einen Einzylinder mit 650 Kubik ist nur schwer anzuschieben.<\/p>\n<p>Beim Kauf habe ich leider nicht genau aufgepasst, denn es gibt aus der Baureihe 1993 &#8211; 1999 zwei Typen der F 650: die Funduro und die ST (f\u00fcr Strada). Ich habe dummerweise die ST erwischt, die sich von der Funduro durch ein kleiners Vorderrad (18 statt 19 Zoll), einen um 4,5 cm k\u00fcrzeren Federweg hinten, eine tiefere Sitzbank, einen um 4 cm schmaleren Lenker und kleinere Verkleidungsdetails unterscheidet. Das ist ja alles nicht so schlimm, doch als ich gel\u00e4ndetaugliche Reifen f\u00fcr die Reise aufziehen lassen wollte, musste ich feststellen, dass es f\u00fcr das 18-Zoll-Vorderrad der ST keine zugelassenen Gel\u00e4ndereifen gibt. Ich habe daher kurzerhand \u00fcber Ebay ein gebrauchtetes 19-Zoll-Rad samt Kotfl\u00fcgel von der Funduro gekauft und eingebaut. Die Halterungen f\u00fcr den Kotfl\u00fcgel waren vorhanden und in den Papieren ist das gr\u00f6\u00dfere Vorderrad auch bereits eingetragen. Um die Sitzposition auszugleichen, habe ich eine aufschnallbare Sitzbankerh\u00f6hung gebastelt. Das sieht zwar total unprofessionell und schei\u00dfe aus, hat aber den Vorteil, dass man das Teil in zwei Handgriffen wieder abnehmen kann und Sylvia damit fahren kann. Sie hat zwar keinen F\u00fchrerschein, aber wen juckt das in den Gegenden, wo wir hin wollen&#8230;<\/p>\n","protected":false},"excerpt":{"rendered":"<p>VW LT 28 Daten: 2-Liter-Benzinmotor mit LPG-Autogasanlage 75 PS Baujahr 1977 Laufleistung unbekannt Verbrauch: 20 Liter LPG auf 100 km, Benzinverbrauch bisher nicht getraut zu testen Wohnmobilausbau mit Standheizung,\u00a0Warmwasserboiler, K\u00fchlschrank, Kochstelle (alle Ger\u00e4te werden mit Gas betrieben), Dusche, Toilette, jeweils &hellip; <a href=\"http:\/\/www.1yearoff.karstenmontag.de\/?page_id=134\">Weiterlesen <span class=\"meta-nav\">&rarr;<\/span><\/a><\/p>\n","protected":false},"author":1,"featured_media":0,"parent":0,"menu_order":3,"comment_status":"open","ping_status":"open","template":"","meta":{"footnotes":""},"class_list":["post-134","page","type-page","status-publish","hentry"],"_links":{"self":[{"href":"http:\/\/www.1yearoff.karstenmontag.de\/index.php?rest_route=\/wp\/v2\/pages\/134","targetHints":{"allow":["GET"]}}],"collection":[{"href":"http:\/\/www.1yearoff.karstenmontag.de\/index.php?rest_route=\/wp\/v2\/pages"}],"about":[{"href":"http:\/\/www.1yearoff.karstenmontag.de\/index.php?rest_route=\/wp\/v2\/types\/page"}],"author":[{"embeddable":true,"href":"http:\/\/www.1yearoff.karstenmontag.de\/index.php?rest_route=\/wp\/v2\/users\/1"}],"replies":[{"embeddable":true,"href":"http:\/\/www.1yearoff.karstenmontag.de\/index.php?rest_route=%2Fwp%2Fv2%2Fcomments&post=134"}],"version-history":[{"count":50,"href":"http:\/\/www.1yearoff.karstenmontag.de\/index.php?rest_route=\/wp\/v2\/pages\/134\/revisions"}],"predecessor-version":[{"id":147,"href":"http:\/\/www.1yearoff.karstenmontag.de\/index.php?rest_route=\/wp\/v2\/pages\/134\/revisions\/147"}],"wp:attachment":[{"href":"http:\/\/www.1yearoff.karstenmontag.de\/index.php?rest_route=%2Fwp%2Fv2%2Fmedia&parent=134"}],"curies":[{"name":"wp","href":"https:\/\/api.w.org\/{rel}","templated":true}]}}

<p><strong>VW LT 28</strong></p>
<p><a href="http://www.1yearoff.goethepanzer.de/wp-content/uploads/2011/08/VW_LT28.jpg"><img loading="lazy" decoding="async" class="aligncenter size-full wp-image-138" title="VW_LT28" src="http://www.1yearoff.goethepanzer.de/wp-content/uploads/2011/08/VW_LT28.jpg" alt="" width="500" height="383" srcset="http://www.1yearoff.karstenmontag.de/wp-content/uploads/2011/08/VW_LT28.jpg 500w, http://www.1yearoff.karstenmontag.de/wp-content/uploads/2011/08/VW_LT28-300x229.jpg 300w" sizes="auto, (max-width: 500px) 100vw, 500px" /></a><a href="http://www.1yearoff.goethepanzer.de/wp-content/uploads/2011/08/VW_LT28_2.jpg"><img loading="lazy" decoding="async" class="aligncenter size-full wp-image-144" title="VW_LT28_2" src="http://www.1yearoff.goethepanzer.de/wp-content/uploads/2011/08/VW_LT28_2.jpg" alt="" width="500" height="375" srcset="http://www.1yearoff.karstenmontag.de/wp-content/uploads/2011/08/VW_LT28_2.jpg 500w, http://www.1yearoff.karstenmontag.de/wp-content/uploads/2011/08/VW_LT28_2-300x225.jpg 300w" sizes="auto, (max-width: 500px) 100vw, 500px" /></a><a href="http://www.1yearoff.goethepanzer.de/wp-content/uploads/2011/08/Bus_innen_01.jpg"><img loading="lazy" decoding="async" class="aligncenter size-full wp-image-155" title="Bus_innen_01" src="http://www.1yearoff.goethepanzer.de/wp-content/uploads/2011/08/Bus_innen_01.jpg" alt="" width="500" height="333" srcset="http://www.1yearoff.karstenmontag.de/wp-content/uploads/2011/08/Bus_innen_01.jpg 500w, http://www.1yearoff.karstenmontag.de/wp-content/uploads/2011/08/Bus_innen_01-300x199.jpg 300w" sizes="auto, (max-width: 500px) 100vw, 500px" /></a><a href="http://www.1yearoff.goethepanzer.de/wp-content/uploads/2011/08/Bus_innen_02.jpg"><img loading="lazy" decoding="async" class="aligncenter size-full wp-image-158" title="Bus_innen_02" src="http://www.1yearoff.goethepanzer.de/wp-content/uploads/2011/08/Bus_innen_02.jpg" alt="" width="500" height="345" srcset="http://www.1yearoff.karstenmontag.de/wp-content/uploads/2011/08/Bus_innen_02.jpg 500w, http://www.1yearoff.karstenmontag.de/wp-content/uploads/2011/08/Bus_innen_02-300x207.jpg 300w" sizes="auto, (max-width: 500px) 100vw, 500px" /></a>Daten:</p>
<ul>
<li>2-Liter-Benzinmotor mit LPG-Autogasanlage</li>
<li>75 PS</li>
<li>Baujahr 1977</li>
<li>Laufleistung unbekannt</li>
<li>Verbrauch: 20 Liter LPG auf 100 km, Benzinverbrauch bisher nicht getraut zu testen</li>
<li>Wohnmobilausbau mit Standheizung, Warmwasserboiler, Kühlschrank, Kochstelle (alle Geräte werden mit Gas betrieben), Dusche, Toilette, jeweils 50 Liter Frischwasser- und Abwassertank</li>
</ul>
<p>In den letzten drei Jahren, in denen wird den Bus unser eigen nennen, haben wir unzählige Reparaturen, Umbauten und Erweiterungen selbst durchgeführt, unter anderem:</p>
<ul>
<li>Renovierung der kompletten Inneneinrichtung (Wand- und Deckenverkleidung, Vorhänge, Armaturen, Duschkabine, Thermomatten, Moskitonetze)</li>
<li>Standheizung, Warmwasserboiler und Druckwasserpumpe ausgetauscht</li>
<li>Spannungswandler für Bordstrom von 12 Volt Gleichstrom auf 220 Volt Wechselstrom eingebaut</li>
<li>Dachreling abgedichtet</li>
<li>Radkästen geschweißt</li>
<li>Kreuzgelenke der Kardanwelle ersetzt (das haben wir in einem Fachbetrieb machen lassen)</li>
<li>Lenkgestänge, Spurstangen ausgetauscht</li>
<li>Trag- und Führungsgelenke vorne ausgetauscht</li>
<li>Radlager vorne ersetzt</li>
<li>Zwei neue Batterien mit jeweils 96 Ah eingebaut</li>
<li>Zündung komplett überholt</li>
<li>Vergaserdichtungen erneuert</li>
<li>Gaszug repariert</li>
<li>Anlasser und Lichtmaschine teilweise überholt</li>
<li>Auspuff erneuert</li>
<li>Kabel, Benzin- und Wasserschläuche teilweise erneuert</li>
</ul>
<p>Im Zuge dieser Arbeiten haben wir nicht nur dafür gesorgt, dass defekte oder schadensanfällige Teile ersetzt wurden, sondern wir haben uns auch das Wissen und die Werkzeuge angeeignet, um die Kiste am Laufen zu halten.</p>
<p>Auf unseren Reisen, die uns bei Minusgraden an die Atlantikküste oder über 2500 Meter hohe Pässe in den Alpen geführt haben, haben wir bisher ingesamt 20.000 km zurückgelegt. Liegengeblieben sind wir dabei wegen eines gerissenen Gaszugs und einer durchgeschmorten Listerklemme. Beide Male konnten wir die Schäden unterwegs selbst beheben.</p>
<p><strong>BMW F 650 ST<br />
</strong></p>
<p><a href="http://www.1yearoff.goethepanzer.de/wp-content/uploads/2011/08/moped01.jpg"><img loading="lazy" decoding="async" class="aligncenter size-full wp-image-603" title="moped01" src="http://www.1yearoff.goethepanzer.de/wp-content/uploads/2011/08/moped01.jpg" alt="" width="500" height="333" srcset="http://www.1yearoff.karstenmontag.de/wp-content/uploads/2011/08/moped01.jpg 500w, http://www.1yearoff.karstenmontag.de/wp-content/uploads/2011/08/moped01-300x199.jpg 300w" sizes="auto, (max-width: 500px) 100vw, 500px" /></a><a href="http://www.1yearoff.goethepanzer.de/wp-content/uploads/2011/08/moped02.jpg"><img loading="lazy" decoding="async" class="aligncenter size-full wp-image-604" title="moped02" src="http://www.1yearoff.goethepanzer.de/wp-content/uploads/2011/08/moped02.jpg" alt="" width="500" height="333" srcset="http://www.1yearoff.karstenmontag.de/wp-content/uploads/2011/08/moped02.jpg 500w, http://www.1yearoff.karstenmontag.de/wp-content/uploads/2011/08/moped02-300x199.jpg 300w" sizes="auto, (max-width: 500px) 100vw, 500px" /></a>Daten:</p>
<ul>
<li>650 Kubikzentimeter Hubraum aus einem Zylinder</li>
<li>48 PS</li>
<li>188 kg</li>
<li>Baujahr 1997</li>
<li>Ca. 30.000 km</li>
<li>Koffer, Topcase</li>
<li>Größeres Vorderrad von der F 650 Funduro, um Geländereifen aufzuziehen</li>
</ul>
<p><a href="http://www.1yearoff.goethepanzer.de/wp-content/uploads/2011/08/busmoped.jpg"><img loading="lazy" decoding="async" class="alignleft size-thumbnail wp-image-608" title="busmoped" src="http://www.1yearoff.goethepanzer.de/wp-content/uploads/2011/08/busmoped-150x150.jpg" alt="" width="150" height="150" /></a>Gut, dass wir das Motorrad haben. Wir müssen es zwar mitsamt den Ersatzreifen auf einem Hänger hinter uns herziehen, dafür macht es uns vor Ort extrem flexibel und kann in Notsituationen auch ganze Urlaubswochen retten, wie in Slowenien geschehen. Kenner werden sagen: &#8222;Das ist ja gar keine richtige BWM.&#8220; Das stimmt. Entwickelt wurde sie von BMW, Aprilla und Rotax. Gebaut wurde sie in Italien bei Aprilla mit einem Motor des österreichischen Motorenbauers Rotax. Für dieses Konglomerat an Herstellern ist sie jedoch äußerst robust geraten. Nur an kalten, feuchten Tagen springt sie ungern an. Gut, wenn man dann jemanden mit Überbrückungskabel und Autobatterie findet. Denn einen Einzylinder mit 650 Kubik ist nur schwer anzuschieben.</p>
<p>Beim Kauf habe ich leider nicht genau aufgepasst, denn es gibt aus der Baureihe 1993 &#8211; 1999 zwei Typen der F 650: die Funduro und die ST (für Strada). Ich habe dummerweise die ST erwischt, die sich von der Funduro durch ein kleiners Vorderrad (18 statt 19 Zoll), einen um 4,5 cm kürzeren Federweg hinten, eine tiefere Sitzbank, einen um 4 cm schmaleren Lenker und kleinere Verkleidungsdetails unterscheidet. Das ist ja alles nicht so schlimm, doch als ich geländetaugliche Reifen für die Reise aufziehen lassen wollte, musste ich feststellen, dass es für das 18-Zoll-Vorderrad der ST keine zugelassenen Geländereifen gibt. Ich habe daher kurzerhand über Ebay ein gebrauchtetes 19-Zoll-Rad samt Kotflügel von der Funduro gekauft und eingebaut. Die Halterungen für den Kotflügel waren vorhanden und in den Papieren ist das größere Vorderrad auch bereits eingetragen. Um die Sitzposition auszugleichen, habe ich eine aufschnallbare Sitzbankerhöhung gebastelt. Das sieht zwar total unprofessionell und scheiße aus, hat aber den Vorteil, dass man das Teil in zwei Handgriffen wieder abnehmen kann und Sylvia damit fahren kann. Sie hat zwar keinen Führerschein, aber wen juckt das in den Gegenden, wo wir hin wollen&#8230;</p>

<p>VW LT 28 Daten: 2-Liter-Benzinmotor mit LPG-Autogasanlage 75 PS Baujahr 1977 Laufleistung unbekannt Verbrauch: 20 Liter LPG auf 100 km, Benzinverbrauch bisher nicht getraut zu testen Wohnmobilausbau mit Standheizung, Warmwasserboiler, Kühlschrank, Kochstelle (alle Geräte werden mit Gas betrieben), Dusche, Toilette, jeweils &hellip; <a href="http://www.1yearoff.karstenmontag.de/?page_id=134">Weiterlesen <span class="meta-nav">&rarr;</span></a></p>
